*z - 7021 = 0, z - 4*z - 7022 = -5*t. What is the units digit of t?
5
Let z be 0/8 + 3 + 1. Let t = -12 - z. What is the units digit of t/(-152) + (-832)/(-38)?
2
Suppose -5751*g = -5772*g + 121141 - 4528. What is the units digit of g?
3
Let k(r) = -r**3 + 25*r**2 - 11*r - 25. Let m be k(-11). Suppose -17*h - 1086 = -m. What is the hundreds digit of h?
1
Let r(h) = -h**3 - 63*h**2 + 176*h - 152. What is the ten thousands digit of r(-68)?
1
Let d be -127 + (-21)/14*-2. Suppose -3*g + 9 = -6. What is the tens digit of d/5*g/(-2)?
6
What is the ten thousands digit of 8/28 - (42906912/42)/(-17)?
6
Let x(p) = -3*p**3 - 6*p**2 - 4*p - 3. Let o be x(-2). Let q(c) = 8*c**2 + 16*c - 42. What is the hundreds digit of q(o)?
2
Suppose 3*k = -4*r + 6*k - 7, 20 = 4*k. Suppose -x + 4*c - 23 + 127 = 0, -3*c = r*x - 175. Suppose 23*j + x = 25*j. What is the units digit of j?
6
What is the tens digit of -7 + 170/25 + -3 + (-538655)/(-25)?
4
Let d be (12/(-8) - 1) + (-3678)/12. Let q = 360 - 917. Let m = d - q. What is the hundreds digit of m?
2
Suppose f - 7 - 2 = -2*n, 11 = f + n. Let p be (f + -8)/(2/8). Let y = 24 + p. What is the tens digit of y?
4
Let o(g) = -2 + 33*g - 8 + 6 + 33*g. Let q be 3/2*(-44)/(-33). What is the tens digit of o(q)?
2
Suppose 5*t + 5*u + 14 = 4, 5*u = 2*t - 17. Let j(s) = 202*s + 10. What is the tens digit of j(t)?
1
Suppose -909 = -14*l + 5*l. Let f = l + 280. What is the units digit of f?
1
Suppose 103 = 11*s - 7*s + 3*r, 4*s = 3*r + 73. Suppose 0 = s*j - 46*j + 12480. What is the tens digit of j?
2
Let l(a) = -a**3 + 17*a**2 - 6*a + 3. Let i be l(18). Let w = -242 - i. Let o = w + -85. What is the hundreds digit of o?
1
Suppose -5*x + 23*x = -630. What is the units digit of -7*(4 - (-720)/x)?
6
Suppose 103*k - 87*k - 96 = 0. Suppose -1361 - 1189 = -k*m. What is the units digit of m?
5
Let q be ((-4)/(-12))/(0 + (-1)/(-2661)). Let k = q - 360. What is the tens digit of k?
2
Let w be 14/(-21)*29*3. Let f = 67 + w. Suppose -236 = -f*r + 5*r. What is the tens digit of r?
5
Let p(o) = 1600*o**3 - o**2 + 2*o - 1. Let x be p(1). Suppose x = -73*h + 75*h. What is the hundreds digit of h?
8
Suppose -39148 - 34448 = -5*y - 2*f, -f + 29439 = 2*y. What is the ten thousands digit of y?
1
Suppose -3*l + 5809 = 2*s, -l + s - 2*s = -1937. Suppose -6*n - l = 3*n. Let i = -70 - n. What is the tens digit of i?
4
Suppose -73*s = -421821 - 389209 - 41099. What is the thousands digit of s?
1
Let r(s) = 727*s**2 - 683*s - 4074. What is the hundreds digit of r(-6)?
1
Suppose -t - 1 = 0, -6*a + 3322 = -3*a - 4*t. Suppose 0 = -3*s - 5*o + 815, -o = 4*s - 4*o - a. What is the tens digit of s?
7
Suppose -4*q = 5 - 53. Suppose 5*o = -3*i - i - 15, 0 = -4*i - 4*o - q. Suppose i = 8*v - 12*v + 68. What is the units digit of v?
7
Let g(d) = 71*d - 11. Let y be g(12). Let b = y + -574. What is the units digit of b?
7
Suppose 891 + 397 = -8*d. Let x = 227 + d. What is the units digit of x/(-9)*(-11 + 2)?
6
Suppose -i + 5743 = 2*s, 4*i + i - 28707 = -2*s. What is the units digit of i?
1
Suppose 2*g + 7*b + 127 = 4*b, 3*g = b - 185. Let o = g + 67. Suppose 5*d - 6*d + 195 = 3*t, -o*d + 183 = 3*t. What is the tens digit of t?
6
Suppose -9 = -4*s - 29. What is the tens digit of s - ((-1)/(-1) + -899)?
9
Suppose 3*c - 34*k - 36 = -36*k, 3*c = -3*k + 39. Let b(z) = z**3 - 4*z**2 - 9*z + 25. What is the units digit of b(c)?
5
Suppose -20148 = -18*a + 2316. Let d = -646 + a. What is the units digit of d?
2
Let s(u) = 85*u - 93. Let f = -63 - -69. What is the hundreds digit of s(f)?
4
Suppose -55*m = -61*m + 54408. What is the hundreds digit of m?
0
Let s(h) = 6*h**2 + 21*h - 1. Let b(x) = -5*x - 2. Let v be b(-3). Suppose 0 = u + v - 4. What is the units digit of s(u)?
6
Let l = 707 - 705. Suppose 12 = 5*r - 3. Suppose l*g = -r*g + 1070. What is the hundreds digit of g?
2
Suppose -4*d + 2470 = -7566. What is the hundreds digit of d?
5
Let o(s) = 111*s**2 + 3892*s - 48. What is the ten thousands digit of o(-39)?
1
Suppose 0 = -5*j - 5*w + 40, -4*j + 26 = -0*j + w. Suppose 3*g = 3 + 753. What is the hundreds digit of g/j*10/3?
1
Let r be 3573/6*(6 - 4) + -3. Suppose t + 16*p = 21*p + 225, 5*t - 4*p - r = 0. What is the hundreds digit of t?
2
Let i(n) = n + 15. Let m be i(-10). Suppose -c - 12 = -m*c. Suppose -a + 89 = r - 6, 0 = -5*r + c*a + 507. What is the tens digit of r?
9
Suppose 142*t - 8028986 = -1628478. What is the ten thousands digit of t?
4
Suppose 2*y - m = 13664, -9847 = -5*y + 2*m + 24310. What is the hundreds digit of y?
8
Let d(u) = u**3 - 3*u**2 + 2*u + 2. Let k be d(2). Suppose k*j - 13 + 5 = 0. Suppose 7*c - j*c - 876 = 0. What is the hundreds digit of c?
2
Suppose 8*x - 9*x + 22 = 0. Let y = -29 + x. Let m(v) = -v**2 - 8*v + 13. What is the units digit of m(y)?
0
Let f(t) = 24*t**2 - 19*t + 44. Let i be f(3). Let q = 986 - i. What is the hundreds digit of q?
7
Let v(l) = -1366*l + 58. Suppose 145 - 156 = -z. Let g be v(z). What is the units digit of g/(-256)*4 - 1/(-8)?
4
Let s(v) = v**2 - 13*v - 144. Let t be s(-32). Suppose 3*l = -3*p + t, 4 = -4*l + 8. What is the tens digit of p?
3
Let v = -762 + 1182. Suppose 0 = -2*f + 4*f. Suppose f = 3*w + 2*m - v, 0*m + 560 = 4*w - 4*m. What is the units digit of w?
0
Let g = -26 - -28. Let r(h) = 79*h**2 + 4*h + 1. What is the units digit of r(g)?
5
Suppose 7*n = 8*n - 2. Let y be n/(4/(-1))*-2. Suppose -2*p + 101 = y. What is the units digit of p?
0
Suppose -4*f - 4 = -0*f + b, -8 = -2*f - 3*b. What is the hundreds digit of (-1519)/(-9) - (-9)/((-81)/f)?
1
Let n = -319 + 322. Suppose -4*c = -z - 662 - 457, -n*c + 844 = 4*z. What is the hundreds digit of c?
2
Let c(i) = 21*i**2 - 31*i - 241. What is the hundreds digit of c(-12)?
1
Suppose -445*b + 6313559 - 1452265 = -4455226. What is the units digit of b?
6
What is the tens digit of ((-1418)/(-4) - -4)*((-2120)/(-24) + -1)?
0
Suppose -19516 = -4*n + 28196. What is the hundreds digit of n?
9
What is the thousands digit of ((-23)/((-1265)/417406))/((-4)/(-10))?
8
Suppose -5*k - 440 = 1475. Let u = k - -730. What is the hundreds digit of u?
3
Suppose 0 = -o + 6*o - 20. Suppose -q + 2*i + 9 = 0, q - 9 = -8*i + 4*i. Suppose -w + 81 = o*n, -w + 5*n + 117 - q = 0. What is the units digit of w?
3
Suppose 3*p + 2*j = 5635, 7515 = -0*p + 4*p + 3*j. Suppose 40*v + p = 45*v. What is the hundreds digit of v?
3
Suppose 3*h + 4*s + 23814 = 0, -15876 = 2*h + 5*s - 3*s. What is the units digit of 4 - (h/70 - 9/15)?
8
Suppose 40 + 48 = 4*x. Suppose -x*n = -3*n - 5377. What is the units digit of n?
3
Let x(o) = 393*o**2 - 37*o - 529. What is the ten thousands digit of x(-11)?
4
Let k be (-3)/9*-6*-3. Let i be (-3)/(-5) + (-368)/80. What is the units digit of -31*i/(-8)*k?
3
Let d(v) = 16*v**2 + 54*v + 10. Let x be 14*((-55)/(-10))/(-11). What is the tens digit of d(x)?
1
Suppose 3*t = -k + 50, 5*k = 5*t - t - 73. Suppose -4*d = a - 76 - t, a - 3*d = 65. What is the tens digit of a?
7
Let f be (-112)/28 - (-2 - 1060). Suppose 3*j + 2*v - 3157 = -0*j, 5*v + f = j. What is the tens digit of j?
5
Suppose -4*x - x + 500 = 0. Let y be x/(-6)*(-27)/(-18). Let s = 46 + y. What is the tens digit of s?
2
Let c = 1 - 0. Let a = -575 - -516. What is the tens digit of 36/(-12) - (c + a)?
5
Suppose 4*m + 4*f + 21 = -51, -2*f = -3*m - 54. What is the hundreds digit of 3*(2 + (-2946)/m)?
4
Suppose -3*s + 929 = -1195. Let d(i) = -266*i - 529. Let z be d(-2). Suppose z*u - 4*n - 572 = -u, 5*u - s = -2*n. What is the hundreds digit of u?
1
Let u = 94 + -94. Suppose -3*v - 2*v = 3*f - 25, -2*v + 2*f + 26 = u. Suppose -x + v*m - 5*m = -135, -m = -5*x + 633. What is the tens digit of x?
2
Let m(s) = 47*s - 9. Suppose -4 = -4*a + 2*a. Let i be m(a). Suppose 0 = 7*c + i - 1009. What is the tens digit of c?
3
Let f be -1*(-3)/6*(11 + -9). What is the hundreds digit of (-5)/((-225)/(-18))*(-1320)/f?
5
Let n(a) = a**2 + 12*a - 9. Let f be n(-12). What is the tens digit of 2/(-8) - f/((-252)/(-2695))?
9
Let n(f) = -1793*f - 102. What is the hundreds digit of n(-13)?
2
Suppose -b + 6000 = 5*w + 288, 2*b - 3*w - 11489 = 0. What is the units digit of b?
7
Let v = 19464 + -2971. What is the thousands digit of v?
6
Suppose 0 = -2*y - 2*r + 778, 0 = -y - 3*r + 54 + 333. Suppose 0 = -12*l + 15*l - y. What 